{"id":1925,"date":"2025-02-21T16:33:20","date_gmt":"2025-02-21T21:33:20","guid":{"rendered":"https:\/\/fedemaderas.org.co\/congreso-nacional-industriales-madera\/?page_id=1925"},"modified":"2025-05-27T20:17:02","modified_gmt":"2025-05-28T01:17:02","slug":"i-macrorueda-de-bioeconomia","status":"publish","type":"page","link":"https:\/\/fedemaderas.org.co\/congreso-nacional-industriales-madera\/i-macrorueda-de-bioeconomia\/","title":{"rendered":"I Macrorrueda de bioeconom\u00eda"},"content":{"rendered":"\n<div class=\"wp-block-columns is-layout-flex wp-container-core-columns-is-layout-9d6595d7 wp-block-columns-is-layout-flex\">\n<div class=\"wp-block-column is-layout-flow wp-block-column-is-layout-flow\"><div class=\"wp-block-image\">\n<figure class=\"aligncenter size-full\"><img decoding=\"async\" width=\"70\" height=\"70\" src=\"https:\/\/fedemaderas.org.co\/congreso-nacional-industriales-madera\/wp-content\/uploads\/2025\/03\/lugar-70.png\" alt=\"\" class=\"wp-image-1938\"\/><\/figure>\n<\/div>\n\n\n<p class=\"has-text-align-center\"><strong>C\u00e1mara de Comercio de Medell\u00edn para Antioquia, sede Poblado <\/strong><\/p>\n<\/div>\n\n\n\n<div class=\"wp-block-column is-layout-flow wp-block-column-is-layout-flow\"><div class=\"wp-block-image\">\n<figure class=\"aligncenter size-full\"><img decoding=\"async\" width=\"70\" height=\"70\" src=\"https:\/\/fedemaderas.org.co\/congreso-nacional-industriales-madera\/wp-content\/uploads\/2025\/03\/fecha-70-1.png\" alt=\"\" class=\"wp-image-1939\"\/><\/figure>\n<\/div>\n\n\n<p class=\"has-text-align-center\"><strong>Mi\u00e9rcoles 28 de mayo de 2025<\/strong><\/p>\n<\/div>\n\n\n\n<div class=\"wp-block-column is-layout-flow wp-block-column-is-layout-flow\"><div class=\"wp-block-image\">\n<figure class=\"aligncenter size-full\"><img decoding=\"async\" width=\"70\" height=\"70\" src=\"https:\/\/fedemaderas.org.co\/congreso-nacional-industriales-madera\/wp-content\/uploads\/2025\/03\/hora-70-1.png\" alt=\"\" class=\"wp-image-1940\"\/><\/figure>\n<\/div>\n\n\n<p class=\"has-text-align-center\"><strong>8:00 a.m. a 5:00 p.m.<\/strong><\/p>\n<\/div>\n<\/div>\n\n\n\n<hr class=\"wp-block-separator has-alpha-channel-opacity\"\/>\n\n\n<div class=\"wp-block-image\">\n<figure class=\"aligncenter size-full\"><img loading=\"lazy\" decoding=\"async\" width=\"600\" height=\"120\" src=\"https:\/\/fedemaderas.org.co\/congreso-nacional-industriales-madera\/wp-content\/uploads\/2025\/05\/aliado-macroypre.png\" alt=\"\" class=\"wp-image-2327\" srcset=\"https:\/\/fedemaderas.org.co\/congreso-nacional-industriales-madera\/wp-content\/uploads\/2025\/05\/aliado-macroypre.png 600w, https:\/\/fedemaderas.org.co\/congreso-nacional-industriales-madera\/wp-content\/uploads\/2025\/05\/aliado-macroypre-300x60.png 300w\" sizes=\"(max-width: 600px) 100vw, 600px\" \/><\/figure>\n<\/div>\n\n\n<hr class=\"wp-block-separator has-alpha-channel-opacity\"\/>\n\n\n\n<h3 class=\"wp-block-heading has-text-color has-link-color wp-elements-52480f809beacb370a9dbd30895469bf\" style=\"color:#39a934\">Presentaci\u00f3n<\/h3>\n\n\n\n<div class=\"wp-block-columns is-layout-flex wp-container-core-columns-is-layout-9d6595d7 wp-block-columns-is-layout-flex\">\n<div class=\"wp-block-column is-layout-flow wp-block-column-is-layout-flow\"><\/div>\n\n\n\n<div class=\"wp-block-column is-layout-flow wp-block-column-is-layout-flow\">\n<figure class=\"wp-block-embed is-type-video is-provider-youtube wp-block-embed-youtube wp-embed-aspect-4-3 wp-has-aspect-ratio\"><div class=\"wp-block-embed__wrapper\">\n<iframe title=\"I Macrorrueda de Bioeconom\u00eda\" width=\"640\" height=\"480\" src=\"https:\/\/www.youtube.com\/embed\/q5xt6DmeVzU?feature=oembed\" frameborder=\"0\" allow=\"accelerometer; autoplay; clipboard-write; encrypted-media; gyroscope; picture-in-picture; web-share\" referrerpolicy=\"strict-origin-when-cross-origin\" allowfullscreen><\/iframe>\n<\/div><\/figure>\n<\/div>\n\n\n\n<div class=\"wp-block-column is-layout-flow wp-block-column-is-layout-flow\"><\/div>\n<\/div>\n\n\n\n<hr class=\"wp-block-separator has-alpha-channel-opacity\"\/>\n\n\n\n<p class=\"has-white-color has-text-color has-background has-link-color wp-elements-bfdfa44a4b2429595ac896e179a08e77\" style=\"background-color:#39a934\"><strong>Objetivo: rueda de negocio de productos y servicios de diversos sectores de la econom\u00eda que identifiquen y prospecten una conexi\u00f3n con los productos y servicios relacionados con los bosques y la transformaci\u00f3n de sus productos.<\/strong><\/p>\n\n\n\n<hr class=\"wp-block-separator has-alpha-channel-opacity\"\/>\n\n\n\n<h3 class=\"wp-block-heading has-text-color has-link-color wp-elements-36eba74253284a2df67b49857bd3735c\" style=\"color:#39a934\">Agenda<\/h3>\n\n\n<div class=\"wp-block-image\">\n<figure class=\"aligncenter size-full\"><img loading=\"lazy\" decoding=\"async\" width=\"2000\" height=\"1414\" src=\"https:\/\/fedemaderas.org.co\/congreso-nacional-industriales-madera\/wp-content\/uploads\/2025\/05\/macrorrueda-mayo27.png\" alt=\"\" class=\"wp-image-2368\" srcset=\"https:\/\/fedemaderas.org.co\/congreso-nacional-industriales-madera\/wp-content\/uploads\/2025\/05\/macrorrueda-mayo27.png 2000w, https:\/\/fedemaderas.org.co\/congreso-nacional-industriales-madera\/wp-content\/uploads\/2025\/05\/macrorrueda-mayo27-300x212.png 300w, https:\/\/fedemaderas.org.co\/congreso-nacional-industriales-madera\/wp-content\/uploads\/2025\/05\/macrorrueda-mayo27-1024x724.png 1024w, https:\/\/fedemaderas.org.co\/congreso-nacional-industriales-madera\/wp-content\/uploads\/2025\/05\/macrorrueda-mayo27-768x543.png 768w, https:\/\/fedemaderas.org.co\/congreso-nacional-industriales-madera\/wp-content\/uploads\/2025\/05\/macrorrueda-mayo27-1536x1086.png 1536w\" sizes=\"(max-width: 2000px) 100vw, 2000px\" \/><\/figure>\n<\/div>\n\n\n<hr class=\"wp-block-separator has-alpha-channel-opacity\"\/>\n\n\n\n<h3 class=\"wp-block-heading has-text-color has-link-color wp-elements-b460135097ec5818fba36606b2f55b9e\" style=\"color:#39a934\">Inscr\u00edbete y participa<\/h3>\n\n\n\n<p><strong>Estos son los pasos para participar en la I Macrorrueda de Bioeconom\u00eda:<\/strong><\/p>\n\n\n\n<ol class=\"wp-block-list\">\n<li>Ingresa a la plataforma Conectados para crecer. <a href=\"https:\/\/conectadosparacrecer.camaramedellin.com.co\/index\/events\/8792675f-1aa5-4715-87c3-1011bac1f98b\" target=\"_blank\" rel=\"noreferrer noopener\"><strong><mark style=\"background-color:rgba(0, 0, 0, 0);color:#39a934\" class=\"has-inline-color\">AQU\u00cd<\/mark><\/strong><\/a><\/li>\n\n\n\n<li>Diligencia el formulario para ser miembro de la Comunidad Conectados para Crecer. <strong><a href=\"https:\/\/conectadosparacrecer.camaramedellin.com.co\/index\/register\" target=\"_blank\" rel=\"noreferrer noopener\"><mark style=\"background-color:rgba(0, 0, 0, 0);color:#39a934\" class=\"has-inline-color\">AQU\u00cd<\/mark><\/a><\/strong><\/li>\n\n\n\n<li>Selecciona en eventos pr\u00f3ximos la I Macrorrueda de Bioeconom\u00eda. <a href=\"https:\/\/conectadosparacrecer.camaramedellin.com.co\/index\/events\/8792675f-1aa5-4715-87c3-1011bac1f98b\" target=\"_blank\" rel=\"noreferrer noopener\"><strong><mark style=\"background-color:rgba(0, 0, 0, 0);color:#39a934\" class=\"has-inline-color\">AQU\u00cd<\/mark><\/strong><\/a><\/li>\n\n\n\n<li>Conoce toda la informaci\u00f3n relevante al evento y reg\u00edstrate de acuerdo con tu perfil: vendedor\/exportador o comprador\/inversionista\/importador.<\/li>\n\n\n\n<li>Diligencia cada uno de los campos del formulario de forma clara y concisa<\/li>\n\n\n\n<li>De acuerdo con las fechas claves que te presentaremos a continuaci\u00f3n conoce los empresarios de tu inter\u00e9s y agenda citas.<\/li>\n\n\n\n<li>Revisa constantemente el correo electr\u00f3nico con el que te registraste, para conocer las citas que te soliciten y de esta forma aceptarlas o rechazarlas.<\/li>\n\n\n\n<li>Activa en tus notificaciones y calendario el 28 de mayo para que tengas esta fecha muy presente.<\/li>\n<\/ol>\n\n\n\n<hr class=\"wp-block-separator has-alpha-channel-opacity\"\/>\n\n\n\n<h3 class=\"wp-block-heading has-text-color has-link-color wp-elements-d31a82b34e658d07fa9ab140ebd33045\" style=\"color:#39a934\">Fechas clave<\/h3>\n\n\n\n<ul class=\"wp-block-list\">\n<li><strong>Inscripci\u00f3n vendedores:<\/strong>&nbsp;21 de abril al 16 de mayo<\/li>\n\n\n\n<li><strong>Inscripci\u00f3n compradores:&nbsp;<\/strong>21 de abril al 16 de mayo<\/li>\n\n\n\n<li><strong>Inicio de agendamiento de citas en la plataforma:<\/strong>&nbsp;5 de mayo al 22 de mayo&nbsp;&nbsp;&nbsp;&nbsp;<\/li>\n<\/ul>\n\n\n\n<hr class=\"wp-block-separator has-alpha-channel-opacity\"\/>\n\n\n\n<p class=\"has-text-align-center\"><strong>Si tienes alguna duda o inquietud el equipo de FEDEMADERAS estar\u00e1 presto a orientarte en los tel\u00e9fonos: 3124203423 \u2013 3114449756 \u2013 3215311361 &#8211; 3012625619<\/strong><\/p>\n\n\n\n<hr class=\"wp-block-separator has-alpha-channel-opacity\"\/>\n\n\n\n<p><\/p>\n","protected":false},"excerpt":{"rendered":"<p>C\u00e1mara de Comercio de Medell\u00edn para Antioquia, sede Poblado Mi\u00e9rcoles 28 de mayo de 2025 8:00 a.m. a 5:00 p.m. Presentaci\u00f3n Objetivo: rueda de negocio de productos y servicios de diversos sectores de la econom\u00eda que identifiquen y prospecten una conexi\u00f3n con los productos y servicios relacionados con los bosques y la transformaci\u00f3n de sus &hellip; <\/p>\n","protected":false},"author":1,"featured_media":1951,"parent":0,"menu_order":0,"comment_status":"closed","ping_status":"closed","template":"","meta":{"footnotes":""},"class_list":["post-1925","page","type-page","status-publish","has-post-thumbnail","hentry"],"_links":{"self":[{"href":"https:\/\/fedemaderas.org.co\/congreso-nacional-industriales-madera\/wp-json\/wp\/v2\/pages\/1925","targetHints":{"allow":["GET"]}}],"collection":[{"href":"https:\/\/fedemaderas.org.co\/congreso-nacional-industriales-madera\/wp-json\/wp\/v2\/pages"}],"about":[{"href":"https:\/\/fedemaderas.org.co\/congreso-nacional-industriales-madera\/wp-json\/wp\/v2\/types\/page"}],"author":[{"embeddable":true,"href":"https:\/\/fedemaderas.org.co\/congreso-nacional-industriales-madera\/wp-json\/wp\/v2\/users\/1"}],"replies":[{"embeddable":true,"href":"https:\/\/fedemaderas.org.co\/congreso-nacional-industriales-madera\/wp-json\/wp\/v2\/comments?post=1925"}],"version-history":[{"count":35,"href":"https:\/\/fedemaderas.org.co\/congreso-nacional-industriales-madera\/wp-json\/wp\/v2\/pages\/1925\/revisions"}],"predecessor-version":[{"id":2370,"href":"https:\/\/fedemaderas.org.co\/congreso-nacional-industriales-madera\/wp-json\/wp\/v2\/pages\/1925\/revisions\/2370"}],"wp:featuredmedia":[{"embeddable":true,"href":"https:\/\/fedemaderas.org.co\/congreso-nacional-industriales-madera\/wp-json\/wp\/v2\/media\/1951"}],"wp:attachment":[{"href":"https:\/\/fedemaderas.org.co\/congreso-nacional-industriales-madera\/wp-json\/wp\/v2\/media?parent=1925"}],"curies":[{"name":"wp","href":"https:\/\/api.w.org\/{rel}","templated":true}]}}